 is the remainder when 152 is divided by 32?
24
What is the remainder when 811 is divided by 22?
19
What is the remainder when 274 is divided by 80?
34
Calculate the remainder when 210 is divided by 43.
38
Calculate the remainder when 153 is divided by 7.
6
Calculate the remainder when 686 is divided by 36.
2
Calculate the remainder when 126 is divided by 19.
12
What is the remainder when 51 is divided by 26?
25
Calculate the remainder when 1831 is divided by 14.
11
Calculate the remainder when 143 is divided by 73.
70
Calculate the remainder when 54 is divided by 13.
2
What is the remainder when 380 is divided by 30?
20
Calculate the remainder when 225 is divided by 133.
92
Calculate the remainder when 298 is divided by 32.
10
What is the remainder when 310 is divided by 20?
10
Calculate the remainder when 927 is divided by 282.
81
Calculate the remainder when 17339 is divided by 170.
169
Calculate the remainder when 460 is divided by 228.
4
Calculate the remainder when 528 is divided by 38.
34
Calculate the remainder when 1023 is divided by 64.
63
What is the remainder when 1555 is divided by 517?
4
What is the remainder when 701 is divided by 11?
8
Calculate the remainder when 139 is divided by 35.
34
What is the remainder when 163 is divided by 51?
10
What is the remainder when 2106 is divided by 212?
198
Calculate the remainder when 97 is divided by 4.
1
Calculate the remainder when 57 is divided by 37.
20
What is the remainder when 426 is divided by 55?
41
What is the remainder when 373 is divided by 346?
27
What is the remainder when 2122 is divided by 530?
2
Calculate the remainder when 210 is divided by 45.
30
Calculate the remainder when 189 is divided by 65.
59
Calculate the remainder when 865 is divided by 28.
25
Calculate the remainder when 837 is divided by 141.
132
Calculate the remainder when 3513 is divided by 34.
11
Calculate the remainder when 564 is divided by 15.
9
Calculate the remainder when 933 is divided by 923.
10
What is the remainder when 1004 is divided by 42?
38
What is the remainder when 256 is divided by 133?
123
Calculate the remainder when 11854 is divided by 26.
24
Calculate the remainder when 4581 is divided by 22.
5
What is the remainder when 191 is divided by 39?
35
Calculate the remainder when 36 is divided by 13.
10
Calculate the remainder when 1252 is divided by 22.
20
Calculate the remainder when 84 is divided by 19.
8
What is the remainder when 17 is divided by 12?
5
What is the remainder when 396 is divided by 21?
18
What is the remainder when 1434 is divided by 63?
48
What is the remainder when 343 is divided by 44?
35
Calculate the remainder when 47 is divided by 40.
7
Calculate the remainder when 961 is divided by 315.
16
What is the remainder when 282 is divided by 69?
6
What is the remainder when 202 is divided by 41?
38
What is the remainder when 1243 is divided by 89?
86
Calculate the remainder when 8675 is divided by 20.
15
What is the remainder when 8988 is divided by 155?
153
Calculate the remainder when 567 is divided by 82.
75
Calculate the remainder when 11 is divided by 9.
2
Calculate the remainder when 737 is divided by 18.
17
Calculate the remainder when 4658 is divided by 259.
255
What is the remainder when 7236 is divided by 7?
5
Calculate the remainder when 16 is divided by 8.
0
Calculate the remainder when 326 is divided by 33.
29
Calculate the remainder when 467 is divided by 21.
5
What is the remainder when 88 is divided by 49?
39
Calculate the remainder when 201 is divided by 158.
43
Calculate the remainder when 23639 is divided by 213.
209
Calculate the remainder when 4247 is divided by 23.
15
What is the remainder when 826 is divided by 5?
1
Calculate the remainder when 417 is divided by 70.
67
Calculate the remainder when 1067 is divided by 21.
17
What is the remainder when 251 is divided by 15?
11
Calculate the remainder when 127 is divided by 17.
8
Calculate the remainder when 1474 is divided by 18.
16
Calculate the remainder when 137 is divided by 35.
32
Calculate the remainder when 468 is divided by 14.
6
What is the remainder when 69 is divided by 35?
34
Calculate the remainder when 861 is divided by 847.
14
What is the remainder when 169 is divided by 152?
17
What is the remainder when 2153 is divided by 6?
5
What is the remainder when 37 is divided by 10?
7
Calculate the remainder when 5098 is divided by 189.
184
Calculate the remainder when 29536 is divided by 20.
16
What is the remainder when 517 is divided by 144?
85
Calculate the remainder when 1517 is divided by 38.
35
Calculate the remainder when 4827 is divided by 21.
18
What is the remainder when 28 is divided by 6?
4
What is the remainder when 1120 is divided by 1108?
12
What is the remainder when 353 is divided by 59?
58
Calculate the remainder when 790 is divided by 8.
6
Calculate the remainder when 270 is divided by 36.
18
What is the remainder when 123 is divided by 31?
30
Calculate the remainder when 783 is divided by 379.
25
Calculate the remainder when 1040 is divided by 436.
168
Calculate the remainder when 1187 is divided by 57.
47
What is the remainder when 7059 is divided by 1173?
21
Calculate the remainder when 2862 is divided by 7.
6
Calculate the remainder when 364 is divided by 69.
19
Calculate the remainder when 347 is divided by 5.
2
What is the remainder when 85 is divided by 46?
39
Calculate the remainder when 101 is divided by 59.
42
Calculate the remainder when 540 is divided by 364.
176
What is the remainder when 674 is divided by 106?
38
What is the remainder when 3442 is divided by 84?
82
What is the remainder when 195 is divided by 22?
19
Calculate the remainder when 165 is divided by 113.
52
Calculate the remainder when 124 is divided by 23.
9
What is the remainder when 16 is divided by 11?
5
Calculate the remainder when 304 is divided by 17.
15
What is the remainder when 124 is divided by 7?
5
What is the remainder when 1101 is divided by 1095?
6
What is the remainder when 31 is divided by 29?
2
What is the remainder when 795 is divided by 20?
15
What is the remainder when 92 is divided by 89?
3
What is the remainder when 543 is divided by 35?
18
Calculate the remainder when 2002 is divided by 172.
110
Calculate the remainder when 350 is divided by 149.
52
What is the remainder when 456 is divided by 418?
38
Calculate the remainder when 269 is divided by 9.
8
Calculate the remainder when 47 is divided by 13.
8
Calculate the remainder when 6384 is divided by 206.
204
Calculate the remainder when 2862 is divided by 265.
212
Calculate the remainder when 62 is divided by 6.
2
What is the remainder when 364 is divided by 51?
7
What is the remainder when 110 is divided by 24?
14
Calculate the remainder when 687 is divided by 118.
97
What is the remainder when 531 is divided by 238?
55
Calculate the remainder when 2094 is divided by 8.
6
Calculate the remainder when 2945 is divided by 44.
41
Calculate the remainder when 258 is divided by 8.
2
What is the remainder when 156 is divided by 45?
21
Calculate the remainder when 141 is divided by 29.
25
What is the remainder when 228 is divided by 33?
30
Calculate the remainder when 1511 is divided by 84.
83
What is the remainder when 556 is divided by 61?
7
What is the remainder when 571 is divided by 7?
4
Calculate the remainder when 7002 is divided by 68.
66
Calculate the remainder when 14437 is divided by 19.
16
Calculate the remainder when 4161 is divided by 181.
179
Calculate the remainder when 1117 is divided by 32.
29
Calculate the remainder when 33 is divided by 32.
1
What is the remainder when 101 is divided by 14?
3
Calculate the remainder when 264 is divided by 209.
55
What is the remainder when 42 is divided by 9?
6
What is the remainder when 564 is divided by 4?
0
What is the remainder when 93 is divided by 17?
8
What is the remainder when 126 is divided by 64?
62
Calculate the remainder when 34 is divided by 10.
4
What is the remainder when 73 is divided by 26?
21
Calculate the remainder when 93 is divided by 47.
46
Calculate the remainder when 79 is divided by 21.
16
What is the remainder when 1367 is divided by 36?
35
What is the remainder when 1702 is divided by 8?
6
Calculate the remainder when 1063 is divided by 215.
203
